{"id":72,"date":"2021-12-16T18:09:42","date_gmt":"2021-12-16T17:09:42","guid":{"rendered":"http:\/\/ecole-nda-landeda.fr\/?page_id=72"},"modified":"2026-02-03T11:34:24","modified_gmt":"2026-02-03T10:34:24","slug":"lequipe","status":"publish","type":"page","link":"https:\/\/ecole-nda-landeda.fr\/?page_id=72","title":{"rendered":"L&#8217;\u00e9quipe"},"content":{"rendered":"<p>[et_pb_section fb_built=&#8221;1&#8243; admin_label=&#8221;Header&#8221; _builder_version=&#8221;4.14.8&#8243; _module_preset=&#8221;default&#8221; background_enable_image=&#8221;off&#8221; custom_margin=&#8221;||||false|false&#8221; custom_padding=&#8221;0px||0px||false|false&#8221; global_colors_info=&#8221;{}&#8221;][et_pb_row column_structure=&#8221;3_4,1_4&#8243; _builder_version=&#8221;4.6.6&#8243; _module_preset=&#8221;default&#8221; custom_padding=&#8221;0px||0px||true|false&#8221; box_shadow_style=&#8221;preset4&#8243; box_shadow_horizontal=&#8221;-30vw&#8221; box_shadow_vertical=&#8221;0px&#8221; box_shadow_color=&#8221;#ffffff&#8221; global_colors_info=&#8221;{}&#8221;][et_pb_column type=&#8221;3_4&#8243; _builder_version=&#8221;4.6.6&#8243; _module_preset=&#8221;default&#8221; background_color=&#8221;#ffffff&#8221; custom_padding=&#8221;60px||160px||false|false&#8221; custom_padding_tablet=&#8221;||20px||false|false&#8221; custom_padding_phone=&#8221;&#8221; custom_padding_last_edited=&#8221;on|phone&#8221; global_colors_info=&#8221;{}&#8221;][et_pb_text _builder_version=&#8221;4.14.2&#8243; _module_preset=&#8221;default&#8221; header_font=&#8221;Bebas Neue||||||||&#8221; header_text_color=&#8221;#E02B20&#8243; header_font_size=&#8221;52px&#8221; header_line_height=&#8221;0.9em&#8221; header_font_size_tablet=&#8221;80px&#8221; header_font_size_phone=&#8221;48px&#8221; header_font_size_last_edited=&#8221;on|tablet&#8221; header_line_height_tablet=&#8221;1em&#8221; header_line_height_phone=&#8221;&#8221; header_line_height_last_edited=&#8221;on|desktop&#8221; global_colors_info=&#8221;{}&#8221;]<\/p>\n<h1>l&#8217;\u00e9quipe 2025-2026<\/h1>\n<p>[\/et_pb_text][\/et_pb_column][et_pb_column type=&#8221;1_4&#8243; _builder_version=&#8221;4.6.6&#8243; _module_preset=&#8221;default&#8221; custom_padding_tablet=&#8221;50px||||false|false&#8221; custom_padding_phone=&#8221;&#8221; custom_padding_last_edited=&#8221;on|desktop&#8221; global_colors_info=&#8221;{}&#8221;][\/et_pb_column][\/et_pb_row][et_pb_row column_structure=&#8221;1_2,1_2&#8243; _builder_version=&#8221;4.14.2&#8243; _module_preset=&#8221;default&#8221; background_color=&#8221;#f6f6f6&#8243; custom_padding=&#8221;0px||0px|||&#8221; box_shadow_style=&#8221;preset4&#8243; box_shadow_horizontal=&#8221;-30vw&#8221; box_shadow_vertical=&#8221;0px&#8221; box_shadow_color=&#8221;#f6f6f6&#8243; global_colors_info=&#8221;{}&#8221;][et_pb_column type=&#8221;1_2&#8243; _builder_version=&#8221;4.6.6&#8243; _module_preset=&#8221;default&#8221; global_colors_info=&#8221;{}&#8221;][et_pb_text _builder_version=&#8221;4.14.2&#8243; _module_preset=&#8221;default&#8221; text_font_size=&#8221;18px&#8221; global_colors_info=&#8221;{}&#8221;]<\/p>\n<p>&nbsp;<\/p>\n<p><strong><u>L\u2019\u00e9quipe\u00a0<\/u><\/strong><\/p>\n<ul>\n<li>PS &#8211; MS : Delphine GUIVARC&#8217;H\u00a0<\/li>\n<li>GS &#8211; CP : Sonia GUENECHAUD<\/li>\n<li>CE1 &#8211; CE2 : Laurent BRETON<\/li>\n<li>CM1 &#8211; CM2 : Marie-Lys ASTOUL-GAC et Charl\u00e8ne DEPREZ<\/li>\n<li>ASEM\u00a0: Josiane ABIVEN et Aur\u00e9lie LE VEZO<\/li>\n<li>Garderie du matin\u00a0: Aur\u00e9lie LE VEZO<\/li>\n<li>Garderie du soir\u00a0: Josiane ABIVEN<\/li>\n<li>Cuisinier\u00a0: Ma\u00ebl KERFOURN<\/li>\n<li>AESH : Morgane PECHE<\/li>\n<li>Direction : Marie-Lys ASTOUL-GAC\u00a0<\/li>\n<li>Comptabilit\u00e9 : Yvette ABIVEN<\/li>\n<\/ul>\n<p>&nbsp;<\/p>\n<p>&nbsp;<\/p>\n<p>[\/et_pb_text][\/et_pb_column][et_pb_column type=&#8221;1_2&#8243; _builder_version=&#8221;4.14.2&#8243; _module_preset=&#8221;default&#8221; global_colors_info=&#8221;{}&#8221;][et_pb_image src=&#8221;http:\/\/ecole-nda-landeda.fr\/wp-content\/uploads\/2025\/08\/photo-equipe-2025.jpg&#8221; title_text=&#8221;photo \u00e9quipe 2025&#8243; _builder_version=&#8221;4.14.8&#8243; _module_preset=&#8221;default&#8221; hover_enabled=&#8221;0&#8243; global_colors_info=&#8221;{}&#8221; sticky_enabled=&#8221;0&#8243;][\/et_pb_image][et_pb_text _builder_version=&#8221;4.14.8&#8243; _module_preset=&#8221;default&#8221; hover_enabled=&#8221;0&#8243; global_colors_info=&#8221;{}&#8221; sticky_enabled=&#8221;0&#8243;]<\/p>\n<blockquote>\n<p><span style=\"color: #000000;\"><em>De gauche \u00e0 droite :<\/em><\/span><\/p>\n<p><span style=\"color: #000000;\"><em>Aur\u00e9lie, Ma\u00ebl, Sonia, Charl\u00e8ne, Marie-Lys, Josiane, Delphine, Morgane et Laurent<\/em><\/span><\/p>\n<\/blockquote>\n<p>[\/et_pb_text][\/et_pb_column][\/et_pb_row][\/et_pb_section]<\/p>\n","protected":false},"excerpt":{"rendered":"<p>l&#8217;\u00e9quipe 2025-2026&nbsp; L\u2019\u00e9quipe\u00a0 PS &#8211; MS : Delphine GUIVARC&#8217;H\u00a0 GS &#8211; CP : Sonia GUENECHAUD CE1 &#8211; CE2 : Laurent BRETON CM1 &#8211; CM2 : Marie-Lys ASTOUL-GAC et Charl\u00e8ne DEPREZ ASEM\u00a0: Josiane ABIVEN et Aur\u00e9lie LE VEZO Garderie du matin\u00a0: Aur\u00e9lie LE VEZO Garderie du soir\u00a0: Josiane ABIVEN Cuisinier\u00a0: Ma\u00ebl KERFOURN AESH : Morgane PECHE [&hellip;]<\/p>\n","protected":false},"author":1,"featured_media":4116,"parent":0,"menu_order":0,"comment_status":"closed","ping_status":"closed","template":"","meta":{"_et_pb_use_builder":"on","_et_pb_old_content":"","_et_gb_content_width":""},"_links":{"self":[{"href":"https:\/\/ecole-nda-landeda.fr\/index.php?rest_route=\/wp\/v2\/pages\/72"}],"collection":[{"href":"https:\/\/ecole-nda-landeda.fr\/index.php?rest_route=\/wp\/v2\/pages"}],"about":[{"href":"https:\/\/ecole-nda-landeda.fr\/index.php?rest_route=\/wp\/v2\/types\/page"}],"author":[{"embeddable":true,"href":"https:\/\/ecole-nda-landeda.fr\/index.php?rest_route=\/wp\/v2\/users\/1"}],"replies":[{"embeddable":true,"href":"https:\/\/ecole-nda-landeda.fr\/index.php?rest_route=%2Fwp%2Fv2%2Fcomments&post=72"}],"version-history":[{"count":14,"href":"https:\/\/ecole-nda-landeda.fr\/index.php?rest_route=\/wp\/v2\/pages\/72\/revisions"}],"predecessor-version":[{"id":5778,"href":"https:\/\/ecole-nda-landeda.fr\/index.php?rest_route=\/wp\/v2\/pages\/72\/revisions\/5778"}],"wp:featuredmedia":[{"embeddable":true,"href":"https:\/\/ecole-nda-landeda.fr\/index.php?rest_route=\/wp\/v2\/media\/4116"}],"wp:attachment":[{"href":"https:\/\/ecole-nda-landeda.fr\/index.php?rest_route=%2Fwp%2Fv2%2Fmedia&parent=72"}],"curies":[{"name":"wp","href":"https:\/\/api.w.org\/{rel}","templated":true}]}}

L&#8217;équipe

<p>[et_pb_section fb_built=&#8221;1&#8243; admin_label=&#8221;Header&#8221; _builder_version=&#8221;4.14.8&#8243; _module_preset=&#8221;default&#8221; background_enable_image=&#8221;off&#8221; custom_margin=&#8221;||||false|false&#8221; custom_padding=&#8221;0px||0px||false|false&#8221; global_colors_info=&#8221;{}&#8221;][et_pb_row column_structure=&#8221;3_4,1_4&#8243; _builder_version=&#8221;4.6.6&#8243; _module_preset=&#8221;default&#8221; custom_padding=&#8221;0px||0px||true|false&#8221; box_shadow_style=&#8221;preset4&#8243; box_shadow_horizontal=&#8221;-30vw&#8221; box_shadow_vertical=&#8221;0px&#8221; box_shadow_color=&#8221;#ffffff&#8221; global_colors_info=&#8221;{}&#8221;][et_pb_column type=&#8221;3_4&#8243; _builder_version=&#8221;4.6.6&#8243; _module_preset=&#8221;default&#8221; background_color=&#8221;#ffffff&#8221; custom_padding=&#8221;60px||160px||false|false&#8221; custom_padding_tablet=&#8221;||20px||false|false&#8221; custom_padding_phone=&#8221;&#8221; custom_padding_last_edited=&#8221;on|phone&#8221; global_colors_info=&#8221;{}&#8221;][et_pb_text _builder_version=&#8221;4.14.2&#8243; _module_preset=&#8221;default&#8221; header_font=&#8221;Bebas Neue||||||||&#8221; header_text_color=&#8221;#E02B20&#8243; header_font_size=&#8221;52px&#8221; header_line_height=&#8221;0.9em&#8221; header_font_size_tablet=&#8221;80px&#8221; header_font_size_phone=&#8221;48px&#8221; header_font_size_last_edited=&#8221;on|tablet&#8221; header_line_height_tablet=&#8221;1em&#8221; header_line_height_phone=&#8221;&#8221; header_line_height_last_edited=&#8221;on|desktop&#8221; global_colors_info=&#8221;{}&#8221;]</p>
<h1>l&#8217;équipe 2025-2026</h1>
<p>[/et_pb_text][/et_pb_column][et_pb_column type=&#8221;1_4&#8243; _builder_version=&#8221;4.6.6&#8243; _module_preset=&#8221;default&#8221; custom_padding_tablet=&#8221;50px||||false|false&#8221; custom_padding_phone=&#8221;&#8221; custom_padding_last_edited=&#8221;on|desktop&#8221; global_colors_info=&#8221;{}&#8221;][/et_pb_column][/et_pb_row][et_pb_row column_structure=&#8221;1_2,1_2&#8243; _builder_version=&#8221;4.14.2&#8243; _module_preset=&#8221;default&#8221; background_color=&#8221;#f6f6f6&#8243; custom_padding=&#8221;0px||0px|||&#8221; box_shadow_style=&#8221;preset4&#8243; box_shadow_horizontal=&#8221;-30vw&#8221; box_shadow_vertical=&#8221;0px&#8221; box_shadow_color=&#8221;#f6f6f6&#8243; global_colors_info=&#8221;{}&#8221;][et_pb_column type=&#8221;1_2&#8243; _builder_version=&#8221;4.6.6&#8243; _module_preset=&#8221;default&#8221; global_colors_info=&#8221;{}&#8221;][et_pb_text _builder_version=&#8221;4.14.2&#8243; _module_preset=&#8221;default&#8221; text_font_size=&#8221;18px&#8221; global_colors_info=&#8221;{}&#8221;]</p>
<p>&nbsp;</p>
<p><strong><u>L’équipe </u></strong></p>
<ul>
<li>PS &#8211; MS : Delphine GUIVARC&#8217;H </li>
<li>GS &#8211; CP : Sonia GUENECHAUD</li>
<li>CE1 &#8211; CE2 : Laurent BRETON</li>
<li>CM1 &#8211; CM2 : Marie-Lys ASTOUL-GAC et Charlène DEPREZ</li>
<li>ASEM : Josiane ABIVEN et Aurélie LE VEZO</li>
<li>Garderie du matin : Aurélie LE VEZO</li>
<li>Garderie du soir : Josiane ABIVEN</li>
<li>Cuisinier : Maël KERFOURN</li>
<li>AESH : Morgane PECHE</li>
<li>Direction : Marie-Lys ASTOUL-GAC </li>
<li>Comptabilité : Yvette ABIVEN</li>
</ul>
<p>&nbsp;</p>
<p>&nbsp;</p>
<p>[/et_pb_text][/et_pb_column][et_pb_column type=&#8221;1_2&#8243; _builder_version=&#8221;4.14.2&#8243; _module_preset=&#8221;default&#8221; global_colors_info=&#8221;{}&#8221;][et_pb_image src=&#8221;http://ecole-nda-landeda.fr/wp-content/uploads/2025/08/photo-equipe-2025.jpg&#8221; title_text=&#8221;photo équipe 2025&#8243; _builder_version=&#8221;4.14.8&#8243; _module_preset=&#8221;default&#8221; hover_enabled=&#8221;0&#8243; global_colors_info=&#8221;{}&#8221; sticky_enabled=&#8221;0&#8243;][/et_pb_image][et_pb_text _builder_version=&#8221;4.14.8&#8243; _module_preset=&#8221;default&#8221; hover_enabled=&#8221;0&#8243; global_colors_info=&#8221;{}&#8221; sticky_enabled=&#8221;0&#8243;]</p>
<blockquote>
<p><span style="color: #000000;"><em>De gauche à droite :</em></span></p>
<p><span style="color: #000000;"><em>Aurélie, Maël, Sonia, Charlène, Marie-Lys, Josiane, Delphine, Morgane et Laurent</em></span></p>
</blockquote>
<p>[/et_pb_text][/et_pb_column][/et_pb_row][/et_pb_section]</p>

<p>l&#8217;équipe 2025-2026&nbsp; L’équipe  PS &#8211; MS : Delphine GUIVARC&#8217;H  GS &#8211; CP : Sonia GUENECHAUD CE1 &#8211; CE2 : Laurent BRETON CM1 &#8211; CM2 : Marie-Lys ASTOUL-GAC et Charlène DEPREZ ASEM : Josiane ABIVEN et Aurélie LE VEZO Garderie du matin : Aurélie LE VEZO Garderie du soir : Josiane ABIVEN Cuisinier : Maël KERFOURN AESH : Morgane PECHE [&hellip;]</p>
